0
Let c be (1/(-2))/(3/(-210)). Let s(p) be the first derivative of 2*p**3/3 - 3*p**2/2 + 3*p + 2. Let t be s(2). What is the greatest common divisor of c and t?
5
Suppose 4*d + 4*b = 180, 135 = d + 2*d - b. What is the highest common divisor of d and 15?
15
Suppose 48 = 5*o + 4*r, 36 = 4*o + 3*r - r. What is the greatest common factor of 1 and o?
1
Let c(u) = -u - 3. Let p be c(-7). Let a(i) = 4*i**2 - i - 4. Let g be a(p). Calculate the greatest common factor of g and 7.
7
Suppose -2*z + 10 = 2*m + z, 4*z - 10 = -m. Calculate the highest common divisor of m and 2.
2
Suppose 0 = -3*s - 1 + 4. What is the highest common divisor of 4 and s?
1
Suppose 0 = -d + z + 30, -4*z = -5*d - 2*z + 135. What is the greatest common divisor of 75 and d?
25
Suppose -3*r + 5 = -13. What is the greatest common divisor of r and 9?
3
Let m be (24/(-20))/((-4)/10). Suppose z - 216 = -m*z. What is the greatest common divisor of 18 and z?
18
Let z be (3/((-3)/65))/(-3 - -2). Calculate the highest common factor of 26 and z.
13
Let q = 72 + 75. Suppose 3 + q = 5*n. Suppose -c - 227 = -3*r, 0 = -4*r + 5*c + 33 + 277. What is the greatest common divisor of r and n?
15
Suppose 4*a + 0*a + 20 = 0. Let u(s) = 2*s**2 + 7*s. Let w be u(a). What is the highest common factor of w and 135?
15
Suppose -3*y = 3*a - 18, 4*y - 29 + 9 = -3*a. Let s = 29 - 25. Calculate the highest common factor of s and a.
4
Let a = -5 + 2. Let z(q) = 4*q**2 + 3*q + 3. Let m be z(a). Calculate the highest common divisor of 75 and m.
15
Let u = 43 - -101. What is the highest common divisor of u and 16?
16
Suppose 5*f + 239 + 156 = 0. Let g = f - -139. Calculate the highest common factor of g and 6.
6
Let k(h) = -3*h + 14. Let u be k(0). Suppose o + 4 = 11. Calculate the greatest common divisor of o and u.
7
Suppose -p + 3 = -1. Suppose 0*x - p = 2*j - 2*x, -5*j = -x - 2. What is the highest common divisor of j and 4?
1
Let v be ((-3)/(-6))/((-2)/(-600)). What is the greatest common factor of v and 15?
15
Let d be (1 - (-10 + 0)) + -2. What is the highest common divisor of d and 72?
9
Suppose 0*s = 4*s. Suppose s = -5*l - q + 35, -2*l + 4*q + 0*q = 8. Suppose l*g - 3*g = 33. What is the greatest common factor of g and 88?
11
Let u be ((-10)/(-25))/((-3)/(-15)). Let g be u*15*5/10. Calculate the greatest common divisor of 135 and g.
15
Let b be ((-564)/(-10))/(21/(-70)). Let x = -131 - b. Calculate the highest common divisor of x and 38.
19
Let d(g) = g**3 - 2*g**3 - 7*g**2 + 4 + 0*g**2. Suppose -2*a = -6*a - 28. Let o be d(a). What is the greatest common factor of o and 16?
4
Let n be (-3)/(6/4) - 2. Let w = n + 8. Suppose 2*j - 2*l = 52, -l = l + w. What is the greatest common factor of j and 6?
6
Suppose -2*p - p + 9 = 0, 4*j = -3*p + 41. Let c = j - 0. Calculate the greatest common factor of c and 2.
2
Let h = 1 - -4. Suppose -4*o + h*z - 303 = 0, 5*o + 0*z - 4*z + 381 = 0. Let y be (o/(-4))/((-3)/(-24)). What is the highest common divisor of 14 and y?
14
Suppose -1 = 2*j - 25. Let u(n) be the third derivative of -n**4/12 + 2*n**2. Let w be u(-6). What is the highest common divisor of w and j?
12
Suppose 63 = 8*a - 5*a - 3*y, 2*a + 5*y - 77 = 0. What is the greatest common factor of 338 and a?
26
Suppose -3*k - 2*r + 31 = 0, 4*k = -0*r - 3*r + 40. Calculate the greatest common divisor of 52 and k.
13
Suppose 0 = -0*z + 2*z - 672. Suppose 2*y - z = -2*y. Calculate the highest common factor of y and 21.
21
Let g be 2/4 + 130/(-20). Let t be g/(-21) - 19/(-7). Calculate the highest common divisor of t and 3.
3
Let z(a) = a**2 - 7*a + 8. Let u be (-5)/(10/(-16)) - 2. Suppose u*r = 10*r - 36. Let v be z(r). What is the greatest common factor of 13 and v?
13
Let w = 8 + -5. Let n(d) = 11*d**2. Let s be n(w). Calculate the highest common factor of s and 9.
9
Let o(r) = 5*r + 55. Let h be o(-8). Calculate the highest common factor of 135 and h.
15
Let x be 3/(-2)*4/(-3). Suppose 20 = x*k - k. Let b = -9 + 19. Calculate the highest common factor of k and b.
10
Suppose 0 = -8*f + 64. Suppose 90 = 3*m - 102. What is the greatest common divisor of f and m?
8
Suppose 0*z - 4*c - 820 = -4*z, 3*z - 2*c = 610. Calculate the greatest common factor of z and 80.
40
Let x = -1 + 4. Let h = x + 18. Calculate the highest common divisor of 84 and h.
21
Let d be (-2)/7 - (-27)/21. Let z be (-312)/(-3) - (-1)/d. Suppose -2*v = -45 + 15. Calculate the greatest common factor of z and v.
15
Let g = -12 + 24. Let t(c) = 4*c + 68. Let u be t(-16). What is the greatest common divisor of g and u?
4
Let v(x) = -x + 4. Let m be v(-6). Calculate the highest common factor of m and 70.
10
Suppose u - 15 = -3*r, 2*u - 12 = -u + 2*r. Let c = 11 - u. What is the greatest common factor of c and 2?
1
Suppose -c = 12*c - 1872. Calculate the highest common divisor of c and 16.
16
Let w(l) = -8*l - 16. Let u be w(-6). Let d be 2/7 - (-78)/21. Suppose -3*z = -4*x - 34, -5*x = -d*z - 3*x + u. What is the greatest common divisor of z and 48?
6
Let c(n) = -4*n - 1. Let l be c(-3). What is the greatest common divisor of 33 and l?
11
Suppose -3*m = -4*c - 23, -2*m + 6 = -c + 4. Let b = -6 - c. Let q be b/3*45/6. What is the highest common factor of q and 45?
5
Let m = -26 - -53. What is the highest common factor of m and 54?
27
Let p be 1/(-3) + (-98)/(-6). What is the highest common divisor of p and 64?
16
Suppose 2*z = z + q + 6, 4*z + 5*q = 24. Suppose 4*i - 50 = -3*x, -3*x + 0 = -z. What is the highest common divisor of i and 44?
11
Let y = 5 + 22. Suppose v - 2*v = 2*b - 9, 0 = v - 2*b + 3. What is the greatest common factor of y and v?
3
Let m = 0 - -3. Suppose 15 = -5*k, 2*j + m*k = 4*j - 25. Calculate the greatest common divisor of 2 and j.
2
Suppose 5*d + x - 6*x = 1440, 5*x + 10 = 0. Calculate the highest common factor of 26 and d.
26
Suppose -2*i - 2*u = -130, -u = 5*i - 131 - 198. What is the greatest common divisor of 6 and i?
6
Let w = 27 - 26. Calculate the greatest common factor of 1 and w.
1
Suppose 38 = 2*b - b. Let x = b - -17. Let v = -10 - -15. What is the highest common divisor of x and v?
5
Suppose 0 = -4*p - 3*x + 8*x + 39, -3*x + 3 = 0. Calculate the greatest common divisor of 1 and p.
1
Let g be 12/(-9)*45/(-2). What is the highest common divisor of g and 270?
30
Suppose -2*z + 6 = -4*z. Let m be (z*1)/((-4)/16). What is the greatest common factor of m and 3?
3
Let n = 38 + 112. What is the highest common factor of 15 and n?
15
Suppose 231 = 4*p - 3*p. Let o(c) = -31*c + 5. Let v be o(-6). Let b be 4/(-18) - v/(-9). What is the highest common divisor of b and p?
21
Let f(i) = -2*i + 16. Let w be f(9). Let y be w/(-13) - 315/(-65). Calculate the greatest common divisor of y and 20.
5
Let l = 21 - 9. Suppose -3*d + 0 = -5*s + 55, l = 4*s + 4*d. What is the greatest common factor of 64 and s?
8
Let h be 4 + (1 - 84/(-8))*2. What is the greatest common divisor of 72 and h?
9
Suppose -3*q = -87 - 45. Calculate the highest common factor of 4 and q.
4
Suppose -a - z + 46 = 4*z, 37 = 2*a - z. Suppose -c + 11 - 4 = 0. Calculate the greatest common divisor of a and c.
7
Suppose 0 = 4*y + y - 1330. Let n be y/11 + (-14)/77. Calculate the highest common factor of n and 12.
12
Suppose -2 - 22 = -6*k. Suppose 0 = -2*j + 128 + 96. Suppose j = k*m - 2*m. What is the highest common divisor of m and 8?
8
Let g(l) = -39*l - 3. Let h be g(-2). What is the highest common divisor of h and 30?
15
Let n = -6 - -8. What is the highest common divisor of n and 4?
2
Let j(p) = 2*p**2 + p - 1. Let t be j(5). What is the greatest common divisor of 135 and t?
27
Suppose 2*m + 18 = v, 2*v - 31 = 2*m - 3*m. Calculate the greatest common factor of v and 24.
8
Suppose 2*m = 3*k + 80, m + 4*k = 4*m - 118. Suppose -2*l + 26 = -2*b, -l + 23 + 6 = 3*b. What is the highest common factor of m and l?
17
Let i be (78/1)/(4/2). Let k be 0 + (i - -1) + 0. Calculate the greatest common factor of k and 5.
5
Suppose q - 6 = -2*m, -q - 4*m + 8 = -m. Calculate the greatest common factor of q and 2.
2
Let v(k) = k. Let p be v(6). Let t = -26 - -50. What is the greatest common divisor of t and p?
6
Let n(x) = -31*x + 6. Let t be n(-6). Suppose -t = -5*a + 263. Let l = 168 - 155. Calculate the greatest common divisor of a and l.
13
Suppose b = -2*b - 9. Let f be -1*(4 +